1330 (base 4) to base 5
1244311
Convert 253 (base 6) to base 9.
126
What is -6411 (base 7) in base 14?
-b78
-676 (base 12) to base 16
-3ba
-41 (base 11) to base 2
-101101
-1ed7 (base 15) to base 2
-1101001000111
What is -13034 (base 6) in base 9?
-2624
Convert 34204 (base 5) to base 3.
10022222
What is -17245 (base 10) in base 15?
-519a
-4bc3 (base 15) to base 16
-3f1e
Convert -5542 (base 6) to base 15.
-5ab
112012001 (base 3) to base 15
30e7
Convert -75 (base 10) to base 14.
-55
What is -290 (base 12) in base 5?
-3041
-253 (base 11) to base 4
-10230
Convert -56673 (base 8) to base 4.
-11312323
687 (base 10) to base 9
843
What is 13826 (base 9) in base 14?
360c
What is -1145 (base 6) in base 9?
-342
What is 276 (base 9) in base 13?
14a
What is 75 (base 12) in base 14?
65
197 (base 13) to base 16
125
Convert 196 (base 15) to base 12.
266
Convert -10101000 (base 2) to base 13.
-cc
What is 11000 (base 2) in base 8?
30
Convert 20553 (base 6) to base 14.
1045
-381 (base 13) to base 3
-211200
Convert -111443 (base 5) to base 2.
-111110011110
78d (base 16) to base 7
5431
-8 (base 14) to base 2
-1000
-260 (base 8) to base 12
-128
-2231132 (base 4) to base 6
-123222
What is 6191 (base 14) in base 11?
11681
What is -1000100000000 (base 2) in base 12?
-2628
-332 (base 5) to base 13
-71
Convert 22992 (base 10) to base 3.
1011112120
What is -2845 (base 12) in base 2?
-1001000110101
Convert 31003 (base 4) to base 8.
1503
Convert 73b (base 15) to base 16.
65f
Convert -5b2 (base 12) to base 5.
-11404
What is -760 (base 16) in base 15?
-85d
Convert 10102100 (base 3) to base 9.
3370
What is 1201200002 (base 3) in base 6?
421302
Convert 22203320 (base 4) to base 15.
cc3b
3b2 (base 16) to base 5
12241
What is -74 (base 12) in base 3?
-10021
Convert 256036 (base 7) to base 16.
ba58
Convert -222421 (base 6) to base 16.
-492d
What is 1101110001 (base 3) in base 12?
1396a
What is 14053 (base 9) in base 5?
301100
919 (base 10) to base 7
2452
-17445 (base 9) to base 15
-386e
2221112 (base 3) to base 5
32042
Convert -29b (base 12) to base 15.
-1c2
-7446 (base 12) to base 9
-18410
-20450 (base 6) to base 11
-2095
-6653 (base 10) to base 6
-50445
1030 (base 5) to base 2
10001100
10330 (base 5) to base 11
5a0
Convert 7a21 (base 11) to base 7.
42521
Convert 389 (base 14) to base 5.
10314
12150 (base 8) to base 7
21142
What is 572 (base 14) in base 6?
5000
3120 (base 4) to base 10
216
What is 20111 (base 3) in base 9?
214
-7277 (base 8) to base 13
-1945
What is 41042 (base 5) in base 7?
10501
Convert 201220101 (base 3) to base 10.
14509
Convert -754 (base 9) to base 4.
-21220
Convert a71 (base 12) to base 16.
5f5
-122212200 (base 3) to base 8
-31350
Convert 11102 (base 3) to base 2.
1110111
What is -14202 (base 10) in base 15?
-431c
What is 101001101101001 (base 2) in base 7?
116153
What is -22437 (base 8) in base 9?
-14028
What is 1013303 (base 5) in base 15?
4e38
bc37 (base 13) to base 6
321253
Convert 32e (base 15) to base 12.
4bb
What is 203344 (base 5) in base 15?
1ed4
Convert -124 (base 6) to base 16.
-34
Convert 72b (base 13) to base 16.
4c4
Convert -12b24 (base 14) to base 10.
-46092
What is 12022201 (base 4) in base 12?
12741
Convert -98df (base 16) to base 12.
-1a793
Convert -a7a (base 16) to base 10.
-2682
What is 7790 (base 10) in base 16?
1e6e
Convert 202012 (base 3) to base 7.
1406
-9271 (base 10) to base 13
-42b2
-124 (base 8) to base 7
-150
Convert -21504 (base 7) to base 5.
-133034
What is -211000221 (base 3) in base 10?
-16063
e0 (base 15) to base 14
110
-14c7 (base 14) to base 7
-13540
Convert 3660 (base 10) to base 3.
12000120
Convert 13267 (base 9) to base 8.
21413
What is -424 (base 10) in base 3?
-120201
What is 655 (base 15) in base 4?
112112
-132e (base 15) to base 2
-111111111110
Convert 1125512 (base 6) to base 14.
1735a
-10050 (base 7) to base 5
-34221
Convert -1b09 (base 15) to base 12.
-3483
What is -2505 (base 15) in base 11?
-5a14
What is 10552 (base 6) in base 9?
2055
60 (base 16) to base 4
1200
Convert -10010100000 (base 2) to base 4.
-102200
Convert c73 (base 15) to base 2.
101011111000
Convert f7b (base 16) to base 9.
5383
What is -14310 (base 7) in base 10?
-3927
What is -7140 (base 8) in base 7?
-13505
1100010101011 (base 2) to base 11
4821
What is 25601 (base 8) in base 4?
2232001
What is -1a6 (base 12) in base 7?
-534
What is -33471 (base 8) in base 5?
-423022
What is -10b1b (base 12) in base 8?
-53507
What is 200020222 (base 3) in base 9?
20228
Convert -7b5 (base 14) to base 13.
-90a
211112201 (base 3) to base 2
100000000110011
What is -349 (base 11) in base 9?
-512
What is -5f3 (base 16) in base 7?
-4304
-66816 (base 9) to base 16
-ad73
What is 1074 (base 10) in base 12?
756
Convert -119 (base 11) to base 10.
-141
261 (base 11) to base 15
159
-13155 (base 6) to base 3
-2202122
What is -26228 (base 10) in base 12?
-13218
Convert -1030 (base 11) to base 12.
-958
Convert -825 (base 16) to base 9.
-2766
Convert -1031220 (base 4) to base 13.
-2352
What is -4e8 (base 16) in base 14?
-65a
What is -36163 (base 9) in base 13?
-b022
What is 1484 (base 9) in base 14?
5a9
140 (base 16) to base 7
635
What is 56 (base 15) in base 5?
311
-1100101200 (base 3) to base 7
-140232
What is 1893 (base 13) in base 7?
13461
What is -833 (base 12) in base 3?
-1122010
Convert 1211 (base 7) to base 11.
379
20152 (base 6) to base 10
2660
11111010001100 (base 2) to base 16
3e8c
-287 (base 15) to base 12
-401
What is 1305 (base 9) in base 4?
33101
What is 1031223 (base 5) in base 4?
10110120
-1351 (base 7) to base 6
-2234
Convert 11303 (base 4) to base 6.
1415
-174 (base 12) to base 5
-1412
Convert -b21 (base 15) to base 12.
-154a
Convert -2101332 (base 4) to base 6.
-111130
What is 73e (base 15) in base 3?
2020112
Convert 301034 (base 5) to base 13.
4443
Convert -243022 (base 5) to base 13.
-420b
What is -16f3 (base 16) in base 14?
-21d9
Convert 11110 (base 4) to base 10.
340
What is -4142 (base 5) in base 11?
-458
3321 (base 6) to base 5
11034
1022 (base 11) to base 8
2513
Convert 102302 (base 4) to base 15.
552
295 (base 10) to base 15
14a
-832 (base 9) to base 6
-3045
What is b0e3 (base 16) in base 8?
130343
3a14 (base 11) to base 12
302a
Convert -2151 (base 6) to base 14.
-279
Convert 3301 (base 13) to base 12.
4137
What is -6701 (base 16) in base 2?
-110011100000001
Convert -3312 (base 5) to base 9.
-557
Convert 2086 (base 9) to base 4.
120000
Convert 2305 (base 10) to base 7.
6502
Convert 1011101 (base 2) to base 5.
333
Convert 1011101001001 (base 2) to base 6.
43333
111000001 (base 2) to base 7
1211
Convert 15ec (base 16) to base 3.
21200212
What is -494 (base 11) in base 14?
-2dd
Convert -22240 (base 5) to base 14.
-802
Convert 1300 (base 4) to base 11.
a2
101100011011101 (base 2) to base 6
253153
What is -1020211112 (base 3) in base 5?
-1242130
-46b (base 16) to base 3
-1112220
222 (base 6) to base 10
86
What is -1306 (base 7) in base 16?
-1f0
Convert -42c (base 13) to base 8.
-1312
-10068 (base 9) to base 16
-19df
-802 (base 10) to base 2
-1100100010
43472 (base 10) to base 7
240512
1227 (base 8) to base 12
473
What is 923 (base 14) in base 4?
130003
591 (base 12) to base 14
433
What is 258 (base 15) in base 5?
4113
Convert 110000001110000 (base 2) to base 3.
1020212101
1668 (base 11) to base 15
971
Convert -3a33 (base 12) to base 13.
-3057
Convert -5122 (base 6) to base 5.
-14010
-224036 (base 7) to base 15
-bbe5
What is -1012211 (base 3) in base 7?
-2404
Convert -32014 (base 5) to base 7.
-6136
Convert 14a1 (base 11) to base 7.
5421
-596 (base 10) to base 4
-21110
22473 (base 11) to base 15
9973
Convert -11011 (base 7) to base 6.
-20424
Convert 380 (base 11) to base 16.
1c3
Convert -e0 (base 16) to base 14.
-120
-233 (base 13) to base 3
-112002
3567 (base 8) to base 16
777
-50414 (base 8) to base 4
-11010030
Convert -604 (base 9) to base 3.
-200011
-102256 (base 7) to base 5
-1031012
Convert 1120000 (base 3) to base 16.
46e
What is -32162 (base 9) in base 6?
-242302
-791 (base 13) to base 15
-5bb
Convert -5124 (base 6) to base 5.
-14012
1400 (base 9) to base 5
13203
Convert -2271 (base 8) to base 16.
-4b9
What is 1630 (base 12) in base 3?
10121100
What is 114203 (base 5) in base 11?
3262
What is 2281 (base 10) in base 15?
a21
What is -852 (base 